{"id":421,"date":"2016-06-25T18:22:12","date_gmt":"2016-06-25T18:22:12","guid":{"rendered":"http:\/\/dufdesign.cz\/wp\/wordpress\/?page_id=421"},"modified":"2016-07-26T20:16:28","modified_gmt":"2016-07-26T20:16:28","slug":"kde-domov-muj","status":"publish","type":"page","link":"https:\/\/dufdesign.cz\/?page_id=421","title":{"rendered":"Kde domov m\u016fj"},"content":{"rendered":"<p>Ilustrofotky<\/p>\n<p>S kamar\u00e1dem fotografem<a title=\"Petr \u0160\u00e1lek\" href=\"http:\/\/www.petrsalek.com\/\" target=\"_blank\"> Petrem \u0160\u00e1lkem <\/a>jsme se rozhodli propojit na\u0161e pr\u00e1ce \u2013 on fotku a j\u00e1 ilustraci.\u00a0Toto je druh\u00e1 s\u00e9rie ilustrofotek, kterou\u00a0jsme ud\u011blali na t\u00e9ma star\u00e9 Prahy. Jeliko\u017e se obrazy v\u017edy vztahuj\u00ed k interi\u00e9ru, nazvali jsme s\u00e9rii\u00a0Kde domov m\u016fj.\u00ad\u00ad<\/p>\n\n\t\t<style type=\"text\/css\">\n\t\t\t#gallery-1 {\n\t\t\t\tmargin: auto;\n\t\t\t}\n\t\t\t#gallery-1 .gallery-item {\n\t\t\t\tfloat: left;\n\t\t\t\tmargin-top: 10px;\n\t\t\t\ttext-align: center;\n\t\t\t\twidth: 16%;\n\t\t\t}\n\t\t\t#gallery-1 img {\n\t\t\t\tborder: 2px solid #cfcfcf;\n\t\t\t}\n\t\t\t#gallery-1 .gallery-caption {\n\t\t\t\tmargin-left: 0;\n\t\t\t}\n\t\t\t\/* see gallery_shortcode() in wp-includes\/media.php *\/\n\t\t<\/style>\n\t\t<div id='gallery-1' class='gallery galleryid-421 gallery-columns-6 gallery-size-thumbnail'><dl class='gallery-item'>\n\t\t\t<dt class='gallery-icon landscape'>\n\t\t\t\t<a href='https:\/\/dufdesign.cz\/wp-content\/uploads\/spiz.jpg'><img loading=\"lazy\" decoding=\"async\" width=\"150\" height=\"150\" src=\"https:\/\/dufdesign.cz\/wp-content\/uploads\/spiz-150x150.jpg\" class=\"attachment-thumbnail size-thumbnail\" alt=\"\" \/><\/a>\n\t\t\t<\/dt><\/dl><dl class='gallery-item'>\n\t\t\t<dt class='gallery-icon landscape'>\n\t\t\t\t<a href='https:\/\/dufdesign.cz\/wp-content\/uploads\/pracovna.jpg'><img loading=\"lazy\" decoding=\"async\" width=\"150\" height=\"150\" src=\"https:\/\/dufdesign.cz\/wp-content\/uploads\/pracovna-150x150.jpg\" class=\"attachment-thumbnail size-thumbnail\" alt=\"\" \/><\/a>\n\t\t\t<\/dt><\/dl><dl class='gallery-item'>\n\t\t\t<dt class='gallery-icon landscape'>\n\t\t\t\t<a href='https:\/\/dufdesign.cz\/wp-content\/uploads\/kuchyn.jpg'><img loading=\"lazy\" decoding=\"async\" width=\"150\" height=\"150\" src=\"https:\/\/dufdesign.cz\/wp-content\/uploads\/kuchyn-150x150.jpg\" class=\"attachment-thumbnail size-thumbnail\" alt=\"\" \/><\/a>\n\t\t\t<\/dt><\/dl><dl class='gallery-item'>\n\t\t\t<dt class='gallery-icon landscape'>\n\t\t\t\t<a href='https:\/\/dufdesign.cz\/wp-content\/uploads\/koupelna.jpg'><img loading=\"lazy\" decoding=\"async\" width=\"150\" height=\"150\" src=\"https:\/\/dufdesign.cz\/wp-content\/uploads\/koupelna-150x150.jpg\" class=\"attachment-thumbnail size-thumbnail\" alt=\"\" \/><\/a>\n\t\t\t<\/dt><\/dl><dl class='gallery-item'>\n\t\t\t<dt class='gallery-icon landscape'>\n\t\t\t\t<a href='https:\/\/dufdesign.cz\/wp-content\/uploads\/chodba.jpg'><img loading=\"lazy\" decoding=\"async\" width=\"150\" height=\"150\" src=\"https:\/\/dufdesign.cz\/wp-content\/uploads\/chodba-150x150.jpg\" class=\"attachment-thumbnail size-thumbnail\" alt=\"\" \/><\/a>\n\t\t\t<\/dt><\/dl><dl class='gallery-item'>\n\t\t\t<dt class='gallery-icon landscape'>\n\t\t\t\t<a href='https:\/\/dufdesign.cz\/wp-content\/uploads\/babiccin-pokoj.jpg'><img loading=\"lazy\" decoding=\"async\" width=\"150\" height=\"150\" src=\"https:\/\/dufdesign.cz\/wp-content\/uploads\/babiccin-pokoj-150x150.jpg\" class=\"attachment-thumbnail size-thumbnail\" alt=\"\" \/><\/a>\n\t\t\t<\/dt><\/dl><br style=\"clear: both\" \/>\n\t\t<\/div>\n\n","protected":false},"excerpt":{"rendered":"<p>Ilustrofotky S kamar\u00e1dem fotografem Petrem \u0160\u00e1lkem jsme se rozhodli propojit na\u0161e pr\u00e1ce \u2013 on fotku a j\u00e1 ilustraci.\u00a0Toto je druh\u00e1 s\u00e9rie ilustrofotek, kterou\u00a0jsme ud\u011blali na t\u00e9ma star\u00e9 Prahy. Jeliko\u017e se obrazy v\u017edy vztahuj\u00ed k interi\u00e9ru, nazvali jsme s\u00e9rii\u00a0Kde domov m\u016fj.\u00ad\u00ad<\/p>\n","protected":false},"author":1,"featured_media":0,"parent":303,"menu_order":0,"comment_status":"closed","ping_status":"open","template":"fullwidth.php","meta":{"footnotes":""},"class_list":["post-421","page","type-page","status-publish","hentry"],"_links":{"self":[{"href":"https:\/\/dufdesign.cz\/index.php?rest_route=\/wp\/v2\/pages\/421","targetHints":{"allow":["GET"]}}],"collection":[{"href":"https:\/\/dufdesign.cz\/index.php?rest_route=\/wp\/v2\/pages"}],"about":[{"href":"https:\/\/dufdesign.cz\/index.php?rest_route=\/wp\/v2\/types\/page"}],"author":[{"embeddable":true,"href":"https:\/\/dufdesign.cz\/index.php?rest_route=\/wp\/v2\/users\/1"}],"replies":[{"embeddable":true,"href":"https:\/\/dufdesign.cz\/index.php?rest_route=%2Fwp%2Fv2%2Fcomments&post=421"}],"version-history":[{"count":5,"href":"https:\/\/dufdesign.cz\/index.php?rest_route=\/wp\/v2\/pages\/421\/revisions"}],"predecessor-version":[{"id":537,"href":"https:\/\/dufdesign.cz\/index.php?rest_route=\/wp\/v2\/pages\/421\/revisions\/537"}],"up":[{"embeddable":true,"href":"https:\/\/dufdesign.cz\/index.php?rest_route=\/wp\/v2\/pages\/303"}],"wp:attachment":[{"href":"https:\/\/dufdesign.cz\/index.php?rest_route=%2Fwp%2Fv2%2Fmedia&parent=421"}],"curies":[{"name":"wp","href":"https:\/\/api.w.org\/{rel}","templated":true}]}}

Kde domov můj

<p>Ilustrofotky</p>
<p>S kamarádem fotografem<a title="Petr Šálek" href="http://www.petrsalek.com/" target="_blank"> Petrem Šálkem </a>jsme se rozhodli propojit naše práce – on fotku a já ilustraci. Toto je druhá série ilustrofotek, kterou jsme udělali na téma staré Prahy. Jelikož se obrazy vždy vztahují k interiéru, nazvali jsme sérii Kde domov můj.­­</p>

		<style type="text/css">
			#gallery-1 {
				margin: auto;
			}
			#gallery-1 .gallery-item {
				float: left;
				margin-top: 10px;
				text-align: center;
				width: 16%;
			}
			#gallery-1 img {
				border: 2px solid #cfcfcf;
			}
			#gallery-1 .gallery-caption {
				margin-left: 0;
			}
			/* see gallery_shortcode() in wp-includes/media.php */
		</style>
		<div id='gallery-1' class='gallery galleryid-421 gallery-columns-6 gallery-size-thumbnail'><dl class='gallery-item'>
			<dt class='gallery-icon landscape'>
				<a href='https://dufdesign.cz/wp-content/uploads/spiz.jpg'><img loading="lazy" decoding="async" width="150" height="150" src="https://dufdesign.cz/wp-content/uploads/spiz-150x150.jpg" class="attachment-thumbnail size-thumbnail" alt="" /></a>
			</dt></dl><dl class='gallery-item'>
			<dt class='gallery-icon landscape'>
				<a href='https://dufdesign.cz/wp-content/uploads/pracovna.jpg'><img loading="lazy" decoding="async" width="150" height="150" src="https://dufdesign.cz/wp-content/uploads/pracovna-150x150.jpg" class="attachment-thumbnail size-thumbnail" alt="" /></a>
			</dt></dl><dl class='gallery-item'>
			<dt class='gallery-icon landscape'>
				<a href='https://dufdesign.cz/wp-content/uploads/kuchyn.jpg'><img loading="lazy" decoding="async" width="150" height="150" src="https://dufdesign.cz/wp-content/uploads/kuchyn-150x150.jpg" class="attachment-thumbnail size-thumbnail" alt="" /></a>
			</dt></dl><dl class='gallery-item'>
			<dt class='gallery-icon landscape'>
				<a href='https://dufdesign.cz/wp-content/uploads/koupelna.jpg'><img loading="lazy" decoding="async" width="150" height="150" src="https://dufdesign.cz/wp-content/uploads/koupelna-150x150.jpg" class="attachment-thumbnail size-thumbnail" alt="" /></a>
			</dt></dl><dl class='gallery-item'>
			<dt class='gallery-icon landscape'>
				<a href='https://dufdesign.cz/wp-content/uploads/chodba.jpg'><img loading="lazy" decoding="async" width="150" height="150" src="https://dufdesign.cz/wp-content/uploads/chodba-150x150.jpg" class="attachment-thumbnail size-thumbnail" alt="" /></a>
			</dt></dl><dl class='gallery-item'>
			<dt class='gallery-icon landscape'>
				<a href='https://dufdesign.cz/wp-content/uploads/babiccin-pokoj.jpg'><img loading="lazy" decoding="async" width="150" height="150" src="https://dufdesign.cz/wp-content/uploads/babiccin-pokoj-150x150.jpg" class="attachment-thumbnail size-thumbnail" alt="" /></a>
			</dt></dl><br style="clear: both" />
		</div>

<p>Ilustrofotky S kamarádem fotografem Petrem Šálkem jsme se rozhodli propojit naše práce – on fotku a já ilustraci. Toto je druhá série ilustrofotek, kterou jsme udělali na téma staré Prahy. Jelikož se obrazy vždy vztahují k interiéru, nazvali jsme sérii Kde domov můj.­­</p>
