{"id":391,"date":"2016-06-25T16:33:41","date_gmt":"2016-06-25T16:33:41","guid":{"rendered":"http:\/\/dufdesign.cz\/wp\/wordpress\/?page_id=391"},"modified":"2016-07-26T19:27:34","modified_gmt":"2016-07-26T19:27:34","slug":"portrety-tydenik-ekonom","status":"publish","type":"page","link":"https:\/\/dufdesign.cz\/?page_id=391","title":{"rendered":"Portr\u00e9ty t\u00fdden\u00edk Ekonom"},"content":{"rendered":"<p>&nbsp;<\/p>\n\n\t\t<style type=\"text\/css\">\n\t\t\t#gallery-1 {\n\t\t\t\tmargin: auto;\n\t\t\t}\n\t\t\t#gallery-1 .gallery-item {\n\t\t\t\tfloat: left;\n\t\t\t\tmargin-top: 10px;\n\t\t\t\ttext-align: center;\n\t\t\t\twidth: 16%;\n\t\t\t}\n\t\t\t#gallery-1 img {\n\t\t\t\tborder: 2px solid #cfcfcf;\n\t\t\t}\n\t\t\t#gallery-1 .gallery-caption {\n\t\t\t\tmargin-left: 0;\n\t\t\t}\n\t\t\t\/* see gallery_shortcode() in wp-includes\/media.php *\/\n\t\t<\/style>\n\t\t<div id='gallery-1' class='gallery galleryid-391 gallery-columns-6 gallery-size-thumbnail'><dl class='gallery-item'>\n\t\t\t<dt class='gallery-icon landscape'>\n\t\t\t\t<a href='https:\/\/dufdesign.cz\/wp-content\/uploads\/Goralikova1.jpg'><img loading=\"lazy\" decoding=\"async\" width=\"150\" height=\"150\" src=\"https:\/\/dufdesign.cz\/wp-content\/uploads\/Goralikova1-150x150.jpg\" class=\"attachment-thumbnail size-thumbnail\" alt=\"\" srcset=\"https:\/\/dufdesign.cz\/wp-content\/uploads\/Goralikova1-150x150.jpg 150w, https:\/\/dufdesign.cz\/wp-content\/uploads\/Goralikova1-300x300.jpg 300w, https:\/\/dufdesign.cz\/wp-content\/uploads\/Goralikova1-1024x1024.jpg 1024w, https:\/\/dufdesign.cz\/wp-content\/uploads\/Goralikova1.jpg 1785w\" sizes=\"auto, (max-width: 150px) 100vw, 150px\" \/><\/a>\n\t\t\t<\/dt><\/dl><dl class='gallery-item'>\n\t\t\t<dt class='gallery-icon portrait'>\n\t\t\t\t<a href='https:\/\/dufdesign.cz\/wp-content\/uploads\/Prochazka-e1466859234163.jpg'><img loading=\"lazy\" decoding=\"async\" width=\"150\" height=\"150\" src=\"https:\/\/dufdesign.cz\/wp-content\/uploads\/Prochazka-150x150.jpg\" class=\"attachment-thumbnail size-thumbnail\" alt=\"\" srcset=\"https:\/\/dufdesign.cz\/wp-content\/uploads\/Prochazka-150x150.jpg 150w, https:\/\/dufdesign.cz\/wp-content\/uploads\/Prochazka-298x300.jpg 298w, https:\/\/dufdesign.cz\/wp-content\/uploads\/Prochazka-1016x1024.jpg 1016w, https:\/\/dufdesign.cz\/wp-content\/uploads\/Prochazka-e1466859234163.jpg 1191w\" sizes=\"auto, (max-width: 150px) 100vw, 150px\" \/><\/a>\n\t\t\t<\/dt><\/dl><dl class='gallery-item'>\n\t\t\t<dt class='gallery-icon landscape'>\n\t\t\t\t<a href='https:\/\/dufdesign.cz\/wp-content\/uploads\/simackova-e1466859292343.jpg'><img loading=\"lazy\" decoding=\"async\" width=\"150\" height=\"150\" src=\"https:\/\/dufdesign.cz\/wp-content\/uploads\/simackova-150x150.jpg\" class=\"attachment-thumbnail size-thumbnail\" alt=\"\" srcset=\"https:\/\/dufdesign.cz\/wp-content\/uploads\/simackova-150x150.jpg 150w, https:\/\/dufdesign.cz\/wp-content\/uploads\/simackova-300x300.jpg 300w, https:\/\/dufdesign.cz\/wp-content\/uploads\/simackova-1024x1022.jpg 1024w, https:\/\/dufdesign.cz\/wp-content\/uploads\/simackova-e1466859292343.jpg 1200w\" sizes=\"auto, (max-width: 150px) 100vw, 150px\" \/><\/a>\n\t\t\t<\/dt><\/dl><dl class='gallery-item'>\n\t\t\t<dt class='gallery-icon landscape'>\n\t\t\t\t<a href='https:\/\/dufdesign.cz\/wp-content\/uploads\/Zak-e1466859374192.jpg'><img loading=\"lazy\" decoding=\"async\" width=\"150\" height=\"150\" src=\"https:\/\/dufdesign.cz\/wp-content\/uploads\/Zak-150x150.jpg\" class=\"attachment-thumbnail size-thumbnail\" alt=\"\" srcset=\"https:\/\/dufdesign.cz\/wp-content\/uploads\/Zak-150x150.jpg 150w, https:\/\/dufdesign.cz\/wp-content\/uploads\/Zak-300x300.jpg 300w, https:\/\/dufdesign.cz\/wp-content\/uploads\/Zak-1024x1024.jpg 1024w, https:\/\/dufdesign.cz\/wp-content\/uploads\/Zak-e1466859374192.jpg 1200w\" sizes=\"auto, (max-width: 150px) 100vw, 150px\" \/><\/a>\n\t\t\t<\/dt><\/dl><dl class='gallery-item'>\n\t\t\t<dt class='gallery-icon landscape'>\n\t\t\t\t<a href='https:\/\/dufdesign.cz\/wp-content\/uploads\/Gocev-e1466859393618.jpg'><img loading=\"lazy\" decoding=\"async\" width=\"150\" height=\"150\" src=\"https:\/\/dufdesign.cz\/wp-content\/uploads\/Gocev-150x150.jpg\" class=\"attachment-thumbnail size-thumbnail\" alt=\"\" srcset=\"https:\/\/dufdesign.cz\/wp-content\/uploads\/Gocev-150x150.jpg 150w, https:\/\/dufdesign.cz\/wp-content\/uploads\/Gocev-300x300.jpg 300w, https:\/\/dufdesign.cz\/wp-content\/uploads\/Gocev-1024x1019.jpg 1024w, https:\/\/dufdesign.cz\/wp-content\/uploads\/Gocev-e1466859393618.jpg 1200w\" sizes=\"auto, (max-width: 150px) 100vw, 150px\" \/><\/a>\n\t\t\t<\/dt><\/dl><dl class='gallery-item'>\n\t\t\t<dt class='gallery-icon landscape'>\n\t\t\t\t<a href='https:\/\/dufdesign.cz\/wp-content\/uploads\/wolfe.jpg'><img loading=\"lazy\" decoding=\"async\" width=\"150\" height=\"150\" src=\"https:\/\/dufdesign.cz\/wp-content\/uploads\/wolfe-150x150.jpg\" class=\"attachment-thumbnail size-thumbnail\" alt=\"\" srcset=\"https:\/\/dufdesign.cz\/wp-content\/uploads\/wolfe-150x150.jpg 150w, https:\/\/dufdesign.cz\/wp-content\/uploads\/wolfe-300x300.jpg 300w, https:\/\/dufdesign.cz\/wp-content\/uploads\/wolfe-1024x1024.jpg 1024w, https:\/\/dufdesign.cz\/wp-content\/uploads\/wolfe.jpg 1192w\" sizes=\"auto, (max-width: 150px) 100vw, 150px\" \/><\/a>\n\t\t\t<\/dt><\/dl><br style=\"clear: both\" \/><dl class='gallery-item'>\n\t\t\t<dt class='gallery-icon landscape'>\n\t\t\t\t<a href='https:\/\/dufdesign.cz\/wp-content\/uploads\/Komarek-e1466859427683.jpg'><img loading=\"lazy\" decoding=\"async\" width=\"150\" height=\"150\" src=\"https:\/\/dufdesign.cz\/wp-content\/uploads\/Komarek-150x150.jpg\" class=\"attachment-thumbnail size-thumbnail\" alt=\"\" srcset=\"https:\/\/dufdesign.cz\/wp-content\/uploads\/Komarek-150x150.jpg 150w, https:\/\/dufdesign.cz\/wp-content\/uploads\/Komarek-300x300.jpg 300w, https:\/\/dufdesign.cz\/wp-content\/uploads\/Komarek-1024x1024.jpg 1024w, https:\/\/dufdesign.cz\/wp-content\/uploads\/Komarek-e1466859427683.jpg 1200w\" sizes=\"auto, (max-width: 150px) 100vw, 150px\" \/><\/a>\n\t\t\t<\/dt><\/dl><dl class='gallery-item'>\n\t\t\t<dt class='gallery-icon landscape'>\n\t\t\t\t<a href='https:\/\/dufdesign.cz\/wp-content\/uploads\/suchy-e1466859352314.jpg'><img loading=\"lazy\" decoding=\"async\" width=\"150\" height=\"150\" src=\"https:\/\/dufdesign.cz\/wp-content\/uploads\/suchy-150x150.jpg\" class=\"attachment-thumbnail size-thumbnail\" alt=\"\" srcset=\"https:\/\/dufdesign.cz\/wp-content\/uploads\/suchy-150x150.jpg 150w, https:\/\/dufdesign.cz\/wp-content\/uploads\/suchy-300x300.jpg 300w, https:\/\/dufdesign.cz\/wp-content\/uploads\/suchy-1024x1024.jpg 1024w, https:\/\/dufdesign.cz\/wp-content\/uploads\/suchy-e1466859352314.jpg 1200w\" sizes=\"auto, (max-width: 150px) 100vw, 150px\" \/><\/a>\n\t\t\t<\/dt><\/dl><dl class='gallery-item'>\n\t\t\t<dt class='gallery-icon portrait'>\n\t\t\t\t<a href='https:\/\/dufdesign.cz\/wp-content\/uploads\/fukuyama-e1466859384530.jpg'><img loading=\"lazy\" decoding=\"async\" width=\"150\" height=\"150\" src=\"https:\/\/dufdesign.cz\/wp-content\/uploads\/fukuyama-150x150.jpg\" class=\"attachment-thumbnail size-thumbnail\" alt=\"\" srcset=\"https:\/\/dufdesign.cz\/wp-content\/uploads\/fukuyama-150x150.jpg 150w, https:\/\/dufdesign.cz\/wp-content\/uploads\/fukuyama-300x300.jpg 300w, https:\/\/dufdesign.cz\/wp-content\/uploads\/fukuyama-1022x1024.jpg 1022w, https:\/\/dufdesign.cz\/wp-content\/uploads\/fukuyama-e1466859384530.jpg 1200w\" sizes=\"auto, (max-width: 150px) 100vw, 150px\" \/><\/a>\n\t\t\t<\/dt><\/dl><dl class='gallery-item'>\n\t\t\t<dt class='gallery-icon landscape'>\n\t\t\t\t<a href='https:\/\/dufdesign.cz\/wp-content\/uploads\/Kucerova.jpg'><img loading=\"lazy\" decoding=\"async\" width=\"150\" height=\"150\" src=\"https:\/\/dufdesign.cz\/wp-content\/uploads\/Kucerova-150x150.jpg\" class=\"attachment-thumbnail size-thumbnail\" alt=\"\" srcset=\"https:\/\/dufdesign.cz\/wp-content\/uploads\/Kucerova-150x150.jpg 150w, https:\/\/dufdesign.cz\/wp-content\/uploads\/Kucerova-300x300.jpg 300w, https:\/\/dufdesign.cz\/wp-content\/uploads\/Kucerova.jpg 720w\" sizes=\"auto, (max-width: 150px) 100vw, 150px\" \/><\/a>\n\t\t\t<\/dt><\/dl><dl class='gallery-item'>\n\t\t\t<dt class='gallery-icon landscape'>\n\t\t\t\t<a href='https:\/\/dufdesign.cz\/wp-content\/uploads\/Sebesta-e1466859279811.jpg'><img loading=\"lazy\" decoding=\"async\" width=\"150\" height=\"150\" src=\"https:\/\/dufdesign.cz\/wp-content\/uploads\/Sebesta-150x150.jpg\" class=\"attachment-thumbnail size-thumbnail\" alt=\"\" srcset=\"https:\/\/dufdesign.cz\/wp-content\/uploads\/Sebesta-150x150.jpg 150w, https:\/\/dufdesign.cz\/wp-content\/uploads\/Sebesta-300x300.jpg 300w, https:\/\/dufdesign.cz\/wp-content\/uploads\/Sebesta-1024x1024.jpg 1024w, https:\/\/dufdesign.cz\/wp-content\/uploads\/Sebesta-e1466859279811.jpg 1200w\" sizes=\"auto, (max-width: 150px) 100vw, 150px\" \/><\/a>\n\t\t\t<\/dt><\/dl>\n\t\t\t<br style='clear: both' \/>\n\t\t<\/div>\n\n","protected":false},"excerpt":{"rendered":"<p>&nbsp;<\/p>\n","protected":false},"author":1,"featured_media":0,"parent":216,"menu_order":0,"comment_status":"closed","ping_status":"open","template":"fullwidth.php","meta":{"footnotes":""},"class_list":["post-391","page","type-page","status-publish","hentry"],"_links":{"self":[{"href":"https:\/\/dufdesign.cz\/index.php?rest_route=\/wp\/v2\/pages\/391","targetHints":{"allow":["GET"]}}],"collection":[{"href":"https:\/\/dufdesign.cz\/index.php?rest_route=\/wp\/v2\/pages"}],"about":[{"href":"https:\/\/dufdesign.cz\/index.php?rest_route=\/wp\/v2\/types\/page"}],"author":[{"embeddable":true,"href":"https:\/\/dufdesign.cz\/index.php?rest_route=\/wp\/v2\/users\/1"}],"replies":[{"embeddable":true,"href":"https:\/\/dufdesign.cz\/index.php?rest_route=%2Fwp%2Fv2%2Fcomments&post=391"}],"version-history":[{"count":4,"href":"https:\/\/dufdesign.cz\/index.php?rest_route=\/wp\/v2\/pages\/391\/revisions"}],"predecessor-version":[{"id":527,"href":"https:\/\/dufdesign.cz\/index.php?rest_route=\/wp\/v2\/pages\/391\/revisions\/527"}],"up":[{"embeddable":true,"href":"https:\/\/dufdesign.cz\/index.php?rest_route=\/wp\/v2\/pages\/216"}],"wp:attachment":[{"href":"https:\/\/dufdesign.cz\/index.php?rest_route=%2Fwp%2Fv2%2Fmedia&parent=391"}],"curies":[{"name":"wp","href":"https:\/\/api.w.org\/{rel}","templated":true}]}}